{"id":3313,"date":"2020-05-26T15:37:19","date_gmt":"2020-05-26T15:37:19","guid":{"rendered":"https:\/\/www.pugliamiasrl.it\/?page_id=3313"},"modified":"2020-05-26T15:37:19","modified_gmt":"2020-05-26T15:37:19","slug":"cookie-policy","status":"publish","type":"page","link":"https:\/\/www.pugliamiasrl.it\/?page_id=3313","title":{"rendered":"Cookie Policy"},"content":{"rendered":"<div class=\"cli_pg_page_contaner\">\n<h3>Cookie Policy<\/h3>\n<div>Questa Cookie Policy spiega cosa sono i cookie e come li utilizziamo. \u00c8 necessario leggere questa politica per comprendere quali sono i cookie, come li utilizziamo, i tipi di cookie che utilizziamo, ovvero le informazioni che raccogliamo utilizzando i cookie e come vengono utilizzate tali informazioni e come controllare le preferenze dei cookie. Per ulteriori informazioni su come utilizziamo, archiviamo e proteggiamo i tuoi dati personali, consulta la nostra Informativa sulla privacy.<\/p>\n<p>Puoi in qualsiasi momento modificare o revocare il tuo consenso dalla Dichiarazione sui cookie sul nostro sito Web.<br \/>\nUlteriori informazioni su chi siamo, come puoi contattarci e come trattiamo i dati personali nella nostra Privacy Policy.<br \/>\nIl tuo consenso si applica ai seguenti domini: www.pugliamiasrl.it<br \/>\n<div class=\"cli_user_consent_state\">Il tuo stato attuale: Non \u00e8 stato concesso alcun consenso. <a class=\"cli_manage_current_consent\" style=\"cursor:pointer;text-decoration:underline;\">Gestisci il tuo consenso.<\/a> <\/div><\/p>\n<\/div>\n<h3>Cosa sono i Cookie?<\/h3>\n<div>I cookie sono piccoli file di testo che vengono utilizzati per memorizzare piccole informazioni. I cookie vengono memorizzati sul tuo dispositivo quando il sito web viene caricato sul tuo browser. Questi cookie ci aiutano a far funzionare correttamente il sito Web, a renderlo pi\u00f9 sicuro, a fornire un&#8217;esperienza utente migliore e a capire come si comporta il sito Web e analizzare ci\u00f2 che funziona e dove deve essere migliorato.<\/div>\n<h3>Come usiamo i Cookie?<\/h3>\n<div>Come la maggior parte dei servizi online, il nostro sito Web utilizza i cookie proprietari e di terze parti per vari scopi. I cookie proprietari sono principalmente necessari per il corretto funzionamento del sito Web e non raccolgono dati identificativi dell&#8217;utente.<\/p>\n<p>I cookie di terze parti utilizzati sui nostri siti Web vengono utilizzati principalmente per comprendere le prestazioni del sito Web, il modo in cui interagisci con il nostro sito Web, mantenendo i nostri servizi sicuri, fornendo annunci pubblicitari pertinenti per te e tutto sommato fornendo un un&#8217;esperienza utente migliore e migliorata e accelerare le interazioni future con il nostro sito Web.<\/p>\n<\/div>\n<h3>Che tipo di Cookie utilizziamo?<\/h3>\n<div>Essenziale : Alcuni cookie sono essenziali per poter provare la piena funzionalit\u00e0 del nostro sito. Ci consentono di mantenere sessioni utente e prevenire eventuali minacce alla sicurezza. Non raccolgono o memorizzano alcuna informazione personale. Ad esempio, questi cookie consentono di accedere al proprio account, aggiungere prodotti al carrello e effettuare il checkout in modo sicuro.<\/p>\n<p>Statistiche: Questi cookie memorizzano informazioni come il numero di visitatori del sito Web, il numero di visitatori unici, quali pagine del sito Web sono state visitate, l&#8217;origine della visita, ecc. Questi dati ci aiutano a comprendere e analizzare il rendimento del sito Web e dove deve essere migliorato.<\/p>\n<p>Funzionale: Questi sono i cookie che aiutano alcune funzionalit\u00e0 non essenziali sul nostro sito web. Queste funzionalit\u00e0 includono l&#8217;incorporamento di contenuti come video o la condivisione di contenuti sul sito Web su piattaforme di social media.<\/p>\n<p>Preferenze: Questi cookie ci aiutano a memorizzare le tue impostazioni e preferenze di navigazione come le preferenze della lingua in modo da avere un&#8217;esperienza migliore ed efficiente nelle future visite al sito Web .<br \/>\n<\/p>\n<\/div>\n<h3>Come posso controllare le preferenze sui cookie?<\/h3>\n<div>Se decidi di modificare le tue preferenze in un secondo momento durante la sessione di navigazione, puoi fare clic sulla scheda &#8220;Informativa sulla privacy e sui cookie&#8221; sullo schermo. Ci\u00f2 visualizzer\u00e0 nuovamente l&#8217;avviso di consenso che ti consentir\u00e0 di modificare le tue preferenze o revocare completamente il tuo consenso.<\/p>\n<p>Inoltre, diversi browser offrono metodi diversi per bloccare ed eliminare i cookie utilizzati dai siti Web. \u00c8 possibile modificare le impostazioni del browser per bloccare \/ eliminare i cookie. Per saperne di pi\u00f9 su come gestire ed eliminare i cookie, visitare wikipedia.org , www.allaboutcookies.org.<\/p>\n<\/div>\n<\/div>\n","protected":false},"excerpt":{"rendered":"<p>Cookie Policy Questa Cookie Policy spiega cosa sono i cookie e come li utilizziamo. \u00c8 necessario leggere questa politica per comprendere quali sono i cookie, come li utilizziamo, i tipi di cookie che utilizziamo, ovvero le informazioni che raccogliamo utilizzando i cookie e come vengono utilizzate tali informazioni e come controllare le preferenze dei cookie. &hellip;<\/p>\n<p class=\"read-more\"> <a class=\"\" href=\"https:\/\/www.pugliamiasrl.it\/?page_id=3313\"> <span class=\"screen-reader-text\">Cookie Policy<\/span> Leggi altro &raquo;<\/a><\/p>\n","protected":false},"author":2,"featured_media":0,"parent":0,"menu_order":0,"comment_status":"closed","ping_status":"closed","template":"","meta":{"footnotes":""},"class_list":["post-3313","page","type-page","status-publish","hentry"],"yoast_head":"<!-- This site is optimized with the Yoast SEO plugin v25.4 - https:\/\/yoast.com\/wordpress\/plugins\/seo\/ -->\n<title>Cookie Policy - PugliaMia - Taste of South<\/title>\n<meta name=\"robots\" content=\"index, follow, max-snippet:-1, max-image-preview:large, max-video-preview:-1\" \/>\n<link rel=\"canonical\" href=\"https:\/\/www.pugliamiasrl.it\/?page_id=3313\" \/>\n<meta property=\"og:locale\" content=\"it_IT\" \/>\n<meta property=\"og:type\" content=\"article\" \/>\n<meta property=\"og:title\" content=\"Cookie Policy - PugliaMia - Taste of South\" \/>\n<meta property=\"og:description\" content=\"Cookie Policy Questa Cookie Policy spiega cosa sono i cookie e come li utilizziamo. \u00c8 necessario leggere questa politica per comprendere quali sono i cookie, come li utilizziamo, i tipi di cookie che utilizziamo, ovvero le informazioni che raccogliamo utilizzando i cookie e come vengono utilizzate tali informazioni e come controllare le preferenze dei cookie. &hellip; Cookie Policy Leggi altro &raquo;\" \/>\n<meta property=\"og:url\" content=\"https:\/\/www.pugliamiasrl.it\/?page_id=3313\" \/>\n<meta property=\"og:site_name\" content=\"PugliaMia - Taste of South\" \/>\n<meta property=\"article:publisher\" content=\"https:\/\/www.facebook.com\/pugliamianoci\/\" \/>\n<meta name=\"twitter:card\" content=\"summary_large_image\" \/>\n<meta name=\"twitter:label1\" content=\"Tempo di lettura stimato\" \/>\n\t<meta name=\"twitter:data1\" content=\"3 minuti\" \/>\n<script type=\"application\/ld+json\" class=\"yoast-schema-graph\">{\"@context\":\"https:\/\/schema.org\",\"@graph\":[{\"@type\":\"WebPage\",\"@id\":\"https:\/\/www.pugliamiasrl.it\/?page_id=3313\",\"url\":\"https:\/\/www.pugliamiasrl.it\/?page_id=3313\",\"name\":\"Cookie Policy - PugliaMia - Taste of South\",\"isPartOf\":{\"@id\":\"https:\/\/www.pugliamiasrl.it\/#website\"},\"datePublished\":\"2020-05-26T15:37:19+00:00\",\"breadcrumb\":{\"@id\":\"https:\/\/www.pugliamiasrl.it\/?page_id=3313#breadcrumb\"},\"inLanguage\":\"it-IT\",\"potentialAction\":[{\"@type\":\"ReadAction\",\"target\":[\"https:\/\/www.pugliamiasrl.it\/?page_id=3313\"]}]},{\"@type\":\"BreadcrumbList\",\"@id\":\"https:\/\/www.pugliamiasrl.it\/?page_id=3313#breadcrumb\",\"itemListElement\":[{\"@type\":\"ListItem\",\"position\":1,\"name\":\"Home\",\"item\":\"https:\/\/www.pugliamiasrl.it\/\"},{\"@type\":\"ListItem\",\"position\":2,\"name\":\"Cookie Policy\"}]},{\"@type\":\"WebSite\",\"@id\":\"https:\/\/www.pugliamiasrl.it\/#website\",\"url\":\"https:\/\/www.pugliamiasrl.it\/\",\"name\":\"PugliaMia - Taste of South\",\"description\":\"Taste of South\",\"publisher\":{\"@id\":\"https:\/\/www.pugliamiasrl.it\/#organization\"},\"potentialAction\":[{\"@type\":\"SearchAction\",\"target\":{\"@type\":\"EntryPoint\",\"urlTemplate\":\"https:\/\/www.pugliamiasrl.it\/?s={search_term_string}\"},\"query-input\":{\"@type\":\"PropertyValueSpecification\",\"valueRequired\":true,\"valueName\":\"search_term_string\"}}],\"inLanguage\":\"it-IT\"},{\"@type\":\"Organization\",\"@id\":\"https:\/\/www.pugliamiasrl.it\/#organization\",\"name\":\"Pugliamia Srl\",\"url\":\"https:\/\/www.pugliamiasrl.it\/\",\"logo\":{\"@type\":\"ImageObject\",\"inLanguage\":\"it-IT\",\"@id\":\"https:\/\/www.pugliamiasrl.it\/#\/schema\/logo\/image\/\",\"url\":\"https:\/\/i2.wp.com\/www.pugliamiasrl.it\/wp-content\/uploads\/2020\/05\/Logo_Pugliamia_senza-sfondo-2-e1590849596543.png?fit=250%2C155&ssl=1\",\"contentUrl\":\"https:\/\/i2.wp.com\/www.pugliamiasrl.it\/wp-content\/uploads\/2020\/05\/Logo_Pugliamia_senza-sfondo-2-e1590849596543.png?fit=250%2C155&ssl=1\",\"width\":250,\"height\":155,\"caption\":\"Pugliamia Srl\"},\"image\":{\"@id\":\"https:\/\/www.pugliamiasrl.it\/#\/schema\/logo\/image\/\"},\"sameAs\":[\"https:\/\/www.facebook.com\/pugliamianoci\/\",\"https:\/\/www.instagram.com\/pugliamia_noci\/\"]}]}<\/script>\n<!-- \/ Yoast SEO plugin. -->","yoast_head_json":{"title":"Cookie Policy - PugliaMia - Taste of South","robots":{"index":"index","follow":"follow","max-snippet":"max-snippet:-1","max-image-preview":"max-image-preview:large","max-video-preview":"max-video-preview:-1"},"canonical":"https:\/\/www.pugliamiasrl.it\/?page_id=3313","og_locale":"it_IT","og_type":"article","og_title":"Cookie Policy - PugliaMia - Taste of South","og_description":"Cookie Policy Questa Cookie Policy spiega cosa sono i cookie e come li utilizziamo. \u00c8 necessario leggere questa politica per comprendere quali sono i cookie, come li utilizziamo, i tipi di cookie che utilizziamo, ovvero le informazioni che raccogliamo utilizzando i cookie e come vengono utilizzate tali informazioni e come controllare le preferenze dei cookie. &hellip; Cookie Policy Leggi altro &raquo;","og_url":"https:\/\/www.pugliamiasrl.it\/?page_id=3313","og_site_name":"PugliaMia - Taste of South","article_publisher":"https:\/\/www.facebook.com\/pugliamianoci\/","twitter_card":"summary_large_image","twitter_misc":{"Tempo di lettura stimato":"3 minuti"},"schema":{"@context":"https:\/\/schema.org","@graph":[{"@type":"WebPage","@id":"https:\/\/www.pugliamiasrl.it\/?page_id=3313","url":"https:\/\/www.pugliamiasrl.it\/?page_id=3313","name":"Cookie Policy - PugliaMia - Taste of South","isPartOf":{"@id":"https:\/\/www.pugliamiasrl.it\/#website"},"datePublished":"2020-05-26T15:37:19+00:00","breadcrumb":{"@id":"https:\/\/www.pugliamiasrl.it\/?page_id=3313#breadcrumb"},"inLanguage":"it-IT","potentialAction":[{"@type":"ReadAction","target":["https:\/\/www.pugliamiasrl.it\/?page_id=3313"]}]},{"@type":"BreadcrumbList","@id":"https:\/\/www.pugliamiasrl.it\/?page_id=3313#breadcrumb","itemListElement":[{"@type":"ListItem","position":1,"name":"Home","item":"https:\/\/www.pugliamiasrl.it\/"},{"@type":"ListItem","position":2,"name":"Cookie Policy"}]},{"@type":"WebSite","@id":"https:\/\/www.pugliamiasrl.it\/#website","url":"https:\/\/www.pugliamiasrl.it\/","name":"PugliaMia - Taste of South","description":"Taste of South","publisher":{"@id":"https:\/\/www.pugliamiasrl.it\/#organization"},"potentialAction":[{"@type":"SearchAction","target":{"@type":"EntryPoint","urlTemplate":"https:\/\/www.pugliamiasrl.it\/?s={search_term_string}"},"query-input":{"@type":"PropertyValueSpecification","valueRequired":true,"valueName":"search_term_string"}}],"inLanguage":"it-IT"},{"@type":"Organization","@id":"https:\/\/www.pugliamiasrl.it\/#organization","name":"Pugliamia Srl","url":"https:\/\/www.pugliamiasrl.it\/","logo":{"@type":"ImageObject","inLanguage":"it-IT","@id":"https:\/\/www.pugliamiasrl.it\/#\/schema\/logo\/image\/","url":"https:\/\/i2.wp.com\/www.pugliamiasrl.it\/wp-content\/uploads\/2020\/05\/Logo_Pugliamia_senza-sfondo-2-e1590849596543.png?fit=250%2C155&ssl=1","contentUrl":"https:\/\/i2.wp.com\/www.pugliamiasrl.it\/wp-content\/uploads\/2020\/05\/Logo_Pugliamia_senza-sfondo-2-e1590849596543.png?fit=250%2C155&ssl=1","width":250,"height":155,"caption":"Pugliamia Srl"},"image":{"@id":"https:\/\/www.pugliamiasrl.it\/#\/schema\/logo\/image\/"},"sameAs":["https:\/\/www.facebook.com\/pugliamianoci\/","https:\/\/www.instagram.com\/pugliamia_noci\/"]}]}},"jetpack_sharing_enabled":true,"_links":{"self":[{"href":"https:\/\/www.pugliamiasrl.it\/index.php?rest_route=\/wp\/v2\/pages\/3313","targetHints":{"allow":["GET"]}}],"collection":[{"href":"https:\/\/www.pugliamiasrl.it\/index.php?rest_route=\/wp\/v2\/pages"}],"about":[{"href":"https:\/\/www.pugliamiasrl.it\/index.php?rest_route=\/wp\/v2\/types\/page"}],"author":[{"embeddable":true,"href":"https:\/\/www.pugliamiasrl.it\/index.php?rest_route=\/wp\/v2\/users\/2"}],"replies":[{"embeddable":true,"href":"https:\/\/www.pugliamiasrl.it\/index.php?rest_route=%2Fwp%2Fv2%2Fcomments&post=3313"}],"version-history":[{"count":1,"href":"https:\/\/www.pugliamiasrl.it\/index.php?rest_route=\/wp\/v2\/pages\/3313\/revisions"}],"predecessor-version":[{"id":3314,"href":"https:\/\/www.pugliamiasrl.it\/index.php?rest_route=\/wp\/v2\/pages\/3313\/revisions\/3314"}],"wp:attachment":[{"href":"https:\/\/www.pugliamiasrl.it\/index.php?rest_route=%2Fwp%2Fv2%2Fmedia&parent=3313"}],"curies":[{"name":"wp","href":"https:\/\/api.w.org\/{rel}","templated":true}]}}